 -90 + 0?
-90
In base 2, what is -1 + 1010111?
1010110
In base 9, what is 414 - 5?
408
In base 7, what is -22 - 11?
-33
In base 13, what is 112 + 28?
13a
In base 11, what is 4 - -15?
19
In base 12, what is 8 - 3?
5
In base 12, what is -1 - -683?
682
In base 6, what is -25552 - -5?
-25543
In base 6, what is 0 + -43223?
-43223
In base 11, what is -5 - -3a0?
396
In base 9, what is -4536 - 4?
-4541
In base 9, what is -22 - -151?
128
In base 11, what is -50 + -14?
-64
In base 2, what is 10000100 - 0?
10000100
In base 8, what is -5 + -3564?
-3571
In base 2, what is 101 + 1110?
10011
In base 9, what is 358 + 2?
361
In base 11, what is -4 - -39?
35
In base 5, what is 23 - 11?
12
In base 9, what is -7 - 257?
-265
In base 15, what is 2885 + -4?
2881
In base 12, what is 345 + 0?
345
In base 13, what is 643 + -5?
63b
In base 5, what is -324 - 0?
-324
In base 12, what is -8 - -11a3?
1197
In base 8, what is -6314 + 5?
-6307
In base 8, what is -4 + 104?
100
In base 16, what is -27 - -3?
-24
In base 9, what is 847 - -23?
871
In base 8, what is -12 + 7?
-3
In base 6, what is 2 - 11040?
-11034
In base 9, what is 5 - 710?
-704
In base 13, what is 7 + 307?
311
In base 14, what is 43b + 7?
444
In base 10, what is -4 - -49?
45
In base 15, what is -1310 + 1?
-130e
In base 10, what is -2 + -123?
-125
In base 6, what is 1 - -5344?
5345
In base 10, what is 0 - -689?
689
In base 12, what is 1 - -6?
7
In base 5, what is 1 - 43042?
-43041
In base 6, what is 15322 - 3?
15315
In base 7, what is -35 - 23?
-61
In base 5, what is 0 + 433?
433
In base 14, what is -3bb9 + 1?
-3bb8
In base 4, what is -2111112 + 10?
-2111102
In base 10, what is -1 - 357?
-358
In base 6, what is -25 - -124?
55
In base 8, what is 2022 + 3?
2025
In base 8, what is 2 - -15?
17
In base 12, what is -13 + -188?
-19b
In base 11, what is -8201 - 5?
-8206
In base 14, what is -3 + 138?
135
In base 9, what is 552 - -5?
557
In base 15, what is 2 - 11?
-e
In base 2, what is -11000 - 1010110?
-1101110
In base 10, what is 6284 + 2?
6286
In base 6, what is -1 + -1002?
-1003
In base 6, what is 103 + 4?
111
In base 12, what is -3 + 26?
23
In base 15, what is 4 - -b4?
b8
In base 5, what is -2 + -334?
-341
In base 8, what is -53 - 0?
-53
In base 8, what is 56 - 5?
51
In base 5, what is 331 + 42?
423
In base 14, what is -1 + -39?
-3a
In base 6, what is 22320 + 5?
22325
In base 7, what is 6011 + -1?
6010
In base 11, what is -3 - -18a?
187
In base 5, what is 3124 + 40?
3214
In base 16, what is -2a + 63?
39
In base 2, what is 1 + -101000101?
-101000100
In base 5, what is -202341 + 3?
-202333
In base 2, what is 1101010111 - -100?
1101011011
In base 3, what is -12 + 1202?
1120
In base 11, what is -334 + -5?
-339
In base 8, what is -5 - -123?
116
In base 16, what is 13a + -5?
135
In base 7, what is 2 + -132?
-130
In base 3, what is -10220 + 0?
-10220
In base 9, what is -4 + -856?
-861
In base 8, what is -12 + -6?
-20
In base 7, what is 1 + -60?
-56
In base 16, what is -7b - b?
-86
In base 7, what is 1213 - -2?
1215
In base 12, what is -65 - -7?
-5a
In base 15, what is -1d28 - 0?
-1d28
In base 3, what is 2001 - 2?
1222
In base 4, what is 11231 - -11?
11302
In base 4, what is 3 + -122222?
-122213
In base 9, what is -1 - -134?
133
In base 14, what is 2 - -a87?
a89
In base 11, what is -38a - 13?
-3a2
In base 6, what is -4 - 203?
-211
In base 4, what is 12 - 100?
-22
In base 15, what is 86 - 1?
85
In base 10, what is -2 + -706?
-708
In base 13, what is 352 + 5?
357
In base 9, what is -5 + 1717?
1712
In base 16, what is -1 + -ed5?
-ed6
In base 10, what is -5 + 353?
348
In base 13, what is 5 - c8?
-c3
In base 10, what is -27 + -14?
-41
In base 6, what is 3 + 1330?
1333
In base 2, what is -10000011001 + 11000?
-10000000001
In base 5, what is -4042 + -3?
-4100
In base 7, what is -22 + -3?
-25
In base 2, what is 1100010001110 - 100?
1100010001010
In base 7, what is 4 + 32?
36
In base 6, what is 42 + 13?
55
In base 10, what is 52 - 1?
51
In base 7, what is -15 - 12?
-30
In base 2, what is -1001001 - 110000?
-1111001
In base 3, what is 10 - 210022?
-210012
In base 11, what is -2 + 339?
337
In base 9, what is 1 - 7?
-6
In base 7, what is -4 - -132?
125
In base 5, what is 2300 - 1?
2244
In base 14, what is -9 + -4a?
-55
In base 8, what is 2 - -4630?
4632
In base 12, what is 1 + 2153?
2154
In base 11, what is 4 - 299?
-295
In base 6, what is -2 + -54?
-100
In base 2, what is -1010 - 0?
-1010
In base 8, what is -10 - -47?
37
In base 12, what is 4a6 - -5?
4ab
In base 4, what is -3 + 121?
112
In base 4, what is 11 + -332?
-321
In base 10, what is -9196 - 2?
-9198
In base 2, what is 110110 - 10?
110100
In base 4, what is 323 - -2?
331
In base 14, what is 366 + 5?
36b
In base 14, what is -26 + -46?
-6c
In base 5, what is -43 + 3104?
3011
In base 11, what is -1 - -7a?
79
In base 7, what is -1616 - 2?
-1621
In base 4, what is 10112 - 10?
10102
In base 4, what is 2200 - -10?
2210
In base 13, what is 1c - 11?
b
In base 7, what is 14 + -11?
3
In base 8, what is 24 + 44?
70
In base 8, what is -14 + -156?
-172
In base 14, what is 1 - 23?
-22
In base 9, what is 121 + -10?
111
In base 8, what is 453 - -2?
455
In base 5, what is -104 - 102?
-211
In base 2, what is -10111111 + -1111001?
-100111000
In base 2, what is -1111 - 100?
-10011
In base 9, what is -1287 - 12?
-1310
In base 5, what is -11 - 0?
-11
In base 9, what is 14 - 21?
-6
In base 10, what is 3 - -1?
4
In base 13, what is 24 - 6?
1b
In base 7, what is 14 - 305?
-261
In base 11, what is 34 - 11?
23
In base 7, what is -10 + -1023?
-1033
In base 8, what is -35 - -11?
-24
In base 11, what is 1300 - -1?
1301
In base 5, what is 143343 + -1?
143342
In base 16, what is 2 - 30?
-2e
In base 8, what is 0 - -11467?
11467
In base 7, what is -2041 + 4?
-2034
In base 12, what is -37b + 36?
-345
In base 4, what is -3 + 1103301?
1103232
In base 15, what is -3 - 12e?
-132
In base 7, what is 5 + 55?
63
In base 16, what is -3 + -81?
-84
In base 4, what is 10 - 2?
2
In base 8, what is -13 - -117?
104
In base 10, what is 0 - 1433?
-1433
In base 9, what is -53 - 147?
-211
In base 3, what is -10011110 + -1?
-10011111
In base 15, what is d - -410?
41d
In base 6, what is -114 - 0?
-114
In base 3, what is 10220202 + 20?
10220222
In base 13, what is -13 - 7?
-1a
In base 4, what is -21 + -223?
-310
In base 14, what is -a - -b?
1
In base 4, what is -21 + -13?
-100
In base 16, what is -14 + -31?
-45
In base 2, what is -111 + -1001100111?
-1001101110
In base 14, what is 23 - 10?
13
In base 11, what is -9 - -10?
2
In base 2, what is -101110000100 + -100?
-101110001000
In base 2, what is 1011010 + -1?
1011001
In base 12, what is -1a6a + 1?
-1a69
In base 7, what is 6 - -113?
122
In base 13, what is -5 + 20?
18
In base 15, what is 15e8 - 2?
15e6
In base 12, what is -467a - 5?
-4683
In base 16, what is 5 + -33?
-2e
In base 9, what is 0 + 236?
236
In base 16, what is -10e - 3a?
-148
In base 7, what is -10000 + -5?
-10005
In base 6, what is -30 + -230?
-300
In base 16, what is 5a - 9?
51
In base 5, what is 203 - -202?
410
In base 8, what is -1 + -100?
-101
In base 5, what is 2141 - -3?
2144
In base 6, what is -45 - 113?
-202
In base 2, what is -111 - -11?
-100
In base 9, what is -153 + 5?
-147
In base 7, what is -1 - -221?
220
In base 11, what is -135 + 8?
-128
In base 9, what is 4 + 82?
86
In base 3, what is -2021 + -11?
-2102
In base 12, what is -b - -601?
5b2
In base 9, what is 1054 + -14?
1040
In base 14, what is -bb - 3?
-c0
In base 13, what is 642 + -3?
63c
In base 5, what is -32 + 33?
1
In base 4, what is 1213 + 210?
2023
In base 4, what is 1103 + 11?
1120
In base 16, what is 6 + -69?
-63
In base 7, what is -3 - -2?
-1
In base 7, what is 5 - -1016?
1024
In base 5, what is -4 + -412?
-421
In base 5, what is -1 - -1134?
1133
In base 2, what is 100110 + 1110?
110100
In base 7, what is 123 - 53?
40
In base 11, what is 722 + 1?
723
In base 14, what is -90 - -5?
-89
In base 5, what is 1002244 - 2?
1002242
In base 3, what is -10 + -122?
-202
In base 6, what is 32 - -134?
210
In base 13, what is -75 + 5?
-70
In base 5, what is 2 + 304?
311
In base 6, what is -252 + -333?
-1025
In base 16, what is 3 - 47?
-44
In base 3, what is -1222120122 - 11?
-1222120210
In base 7, what is -151 + -2?
-153
In base 11, what is -33676 + 2?
-33674